{"id":4,"date":"2013-10-27T11:55:03","date_gmt":"2013-10-27T10:55:03","guid":{"rendered":"http:\/\/yannmarchesi.ch\/?page_id=4"},"modified":"2022-08-09T15:46:09","modified_gmt":"2022-08-09T14:46:09","slug":"mariages","status":"publish","type":"page","link":"https:\/\/yannmarchesi.ch\/?page_id=4","title":{"rendered":"Prestations"},"content":{"rendered":"<p style=\"text-align: center;\"><img loading=\"lazy\" decoding=\"async\" class=\"wp-image-7724 aligncenter\" src=\"https:\/\/yannmarchesi.ch\/wp-content\/uploads\/2019\/05\/yannmarchesi75-copie-300x200.jpg\" alt=\"\" width=\"679\" height=\"453\" srcset=\"https:\/\/yannmarchesi.ch\/wp-content\/uploads\/2019\/05\/yannmarchesi75-copie-300x200.jpg 300w, https:\/\/yannmarchesi.ch\/wp-content\/uploads\/2019\/05\/yannmarchesi75-copie-980x654.jpg 980w, https:\/\/yannmarchesi.ch\/wp-content\/uploads\/2019\/05\/yannmarchesi75-copie-768x512.jpg 768w, https:\/\/yannmarchesi.ch\/wp-content\/uploads\/2019\/05\/yannmarchesi75-copie-900x600.jpg 900w, https:\/\/yannmarchesi.ch\/wp-content\/uploads\/2019\/05\/yannmarchesi75-copie-420x280.jpg 420w, https:\/\/yannmarchesi.ch\/wp-content\/uploads\/2019\/05\/yannmarchesi75-copie.jpg 1000w\" sizes=\"auto, (max-width: 679px) 100vw, 679px\" \/><span style=\"font-size: inherit;\">Mon intention de photographe est de toujours restituer au plus pr\u00e8s vos envies du moment et vos \u00e9motions, mais aussi de valoriser les diff\u00e9rentes facettes de votre personnalit\u00e9.Mon travail est ax\u00e9 sur le reportage avec une prise de vue qui privil\u00e9gie la spontan\u00e9it\u00e9 et la photo sur le vif.<\/span><\/p>\n<h2><\/h2>\n<h6 style=\"text-align: center;\"><em style=\"font-size: revert; font-family: -apple-system, BlinkMacSystemFont, 'Segoe UI', Roboto, Oxygen-Sans, Ubuntu, Cantarell, 'Helvetica Neue', sans-serif;\"><a href=\"http:\/\/yannmarchesi.ch\/?page_id=43\">Prix \u00e0 la demande<\/a><\/em><\/h6>\n","protected":false},"excerpt":{"rendered":"<p>Mon intention de photographe est de toujours restituer au plus pr\u00e8s vos envies du moment et vos \u00e9motions, mais aussi de valoriser les diff\u00e9rentes facettes de votre personnalit\u00e9.Mon travail est ax\u00e9 sur le reportage avec une prise de vue qui privil\u00e9gie la spontan\u00e9it\u00e9 et la photo sur le vif. Prix \u00e0 la demande<\/p>\n","protected":false},"author":1,"featured_media":0,"parent":0,"menu_order":0,"comment_status":"closed","ping_status":"closed","template":"template-full.php","meta":{"footnotes":"","_links_to":"","_links_to_target":""},"class_list":["post-4","page","type-page","status-publish"],"yoast_head":"<!-- This site is optimized with the Yoast SEO plugin v28.4 - https:\/\/yoast.com\/product\/yoast-seo-wordpress\/ -->\n<title>Prestations -<\/title>\n<meta name=\"robots\" content=\"index, follow, max-snippet:-1, max-image-preview:large, max-video-preview:-1\" \/>\n<link rel=\"canonical\" href=\"https:\/\/yannmarchesi.ch\/?page_id=4\" \/>\n<meta property=\"og:locale\" content=\"fr_FR\" \/>\n<meta property=\"og:type\" content=\"article\" \/>\n<meta property=\"og:title\" content=\"Prestations -\" \/>\n<meta property=\"og:description\" content=\"Mon intention de photographe est de toujours restituer au plus pr\u00e8s vos envies du moment et vos \u00e9motions, mais aussi de valoriser les diff\u00e9rentes facettes de votre personnalit\u00e9.Mon travail est ax\u00e9 sur le reportage avec une prise de vue qui privil\u00e9gie la spontan\u00e9it\u00e9 et la photo sur le vif. Prix \u00e0 la demande\" \/>\n<meta property=\"og:url\" content=\"https:\/\/yannmarchesi.ch\/?page_id=4\" \/>\n<meta property=\"article:publisher\" content=\"https:\/\/www.facebook.com\/yannmarchesiPhotography\" \/>\n<meta property=\"article:modified_time\" content=\"2022-08-09T14:46:09+00:00\" \/>\n<meta property=\"og:image\" content=\"https:\/\/yannmarchesi.ch\/wp-content\/uploads\/2019\/05\/yannmarchesi75-copie-300x200.jpg\" \/>\n<meta name=\"twitter:card\" content=\"summary_large_image\" \/>\n<script type=\"application\/ld+json\" class=\"yoast-schema-graph\">{\"@context\":\"https:\\\/\\\/schema.org\",\"@graph\":[{\"@type\":\"WebPage\",\"@id\":\"https:\\\/\\\/yannmarchesi.ch\\\/?page_id=4\",\"url\":\"https:\\\/\\\/yannmarchesi.ch\\\/?page_id=4\",\"name\":\"Prestations -\",\"isPartOf\":{\"@id\":\"https:\\\/\\\/yannmarchesi.ch\\\/#website\"},\"primaryImageOfPage\":{\"@id\":\"https:\\\/\\\/yannmarchesi.ch\\\/?page_id=4#primaryimage\"},\"image\":{\"@id\":\"https:\\\/\\\/yannmarchesi.ch\\\/?page_id=4#primaryimage\"},\"thumbnailUrl\":\"https:\\\/\\\/yannmarchesi.ch\\\/wp-content\\\/uploads\\\/2019\\\/05\\\/yannmarchesi75-copie-300x200.jpg\",\"datePublished\":\"2013-10-27T10:55:03+00:00\",\"dateModified\":\"2022-08-09T14:46:09+00:00\",\"breadcrumb\":{\"@id\":\"https:\\\/\\\/yannmarchesi.ch\\\/?page_id=4#breadcrumb\"},\"inLanguage\":\"fr-FR\",\"potentialAction\":[{\"@type\":\"ReadAction\",\"target\":[\"https:\\\/\\\/yannmarchesi.ch\\\/?page_id=4\"]}]},{\"@type\":\"ImageObject\",\"inLanguage\":\"fr-FR\",\"@id\":\"https:\\\/\\\/yannmarchesi.ch\\\/?page_id=4#primaryimage\",\"url\":\"https:\\\/\\\/yannmarchesi.ch\\\/wp-content\\\/uploads\\\/2019\\\/05\\\/yannmarchesi75-copie.jpg\",\"contentUrl\":\"https:\\\/\\\/yannmarchesi.ch\\\/wp-content\\\/uploads\\\/2019\\\/05\\\/yannmarchesi75-copie.jpg\",\"width\":1000,\"height\":667},{\"@type\":\"BreadcrumbList\",\"@id\":\"https:\\\/\\\/yannmarchesi.ch\\\/?page_id=4#breadcrumb\",\"itemListElement\":[{\"@type\":\"ListItem\",\"position\":1,\"name\":\"Accueil\",\"item\":\"https:\\\/\\\/yannmarchesi.ch\\\/\"},{\"@type\":\"ListItem\",\"position\":2,\"name\":\"Prestations\"}]},{\"@type\":\"WebSite\",\"@id\":\"https:\\\/\\\/yannmarchesi.ch\\\/#website\",\"url\":\"https:\\\/\\\/yannmarchesi.ch\\\/\",\"name\":\"yannmarchesi.ch\",\"description\":\"\",\"publisher\":{\"@id\":\"https:\\\/\\\/yannmarchesi.ch\\\/#organization\"},\"potentialAction\":[{\"@type\":\"SearchAction\",\"target\":{\"@type\":\"EntryPoint\",\"urlTemplate\":\"https:\\\/\\\/yannmarchesi.ch\\\/?s={search_term_string}\"},\"query-input\":{\"@type\":\"PropertyValueSpecification\",\"valueRequired\":true,\"valueName\":\"search_term_string\"}}],\"inLanguage\":\"fr-FR\"},{\"@type\":\"Organization\",\"@id\":\"https:\\\/\\\/yannmarchesi.ch\\\/#organization\",\"name\":\"yannmarchesi.ch\",\"url\":\"https:\\\/\\\/yannmarchesi.ch\\\/\",\"logo\":{\"@type\":\"ImageObject\",\"inLanguage\":\"fr-FR\",\"@id\":\"https:\\\/\\\/yannmarchesi.ch\\\/#\\\/schema\\\/logo\\\/image\\\/\",\"url\":\"https:\\\/\\\/yannmarchesi.ch\\\/wp-content\\\/uploads\\\/2020\\\/10\\\/cropped-teste-site-2-1.png\",\"contentUrl\":\"https:\\\/\\\/yannmarchesi.ch\\\/wp-content\\\/uploads\\\/2020\\\/10\\\/cropped-teste-site-2-1.png\",\"width\":1173,\"height\":705,\"caption\":\"yannmarchesi.ch\"},\"image\":{\"@id\":\"https:\\\/\\\/yannmarchesi.ch\\\/#\\\/schema\\\/logo\\\/image\\\/\"},\"sameAs\":[\"https:\\\/\\\/www.facebook.com\\\/yannmarchesiPhotography\"]}]}<\/script>\n<!-- \/ Yoast SEO plugin. -->","yoast_head_json":{"title":"Prestations -","robots":{"index":"index","follow":"follow","max-snippet":"max-snippet:-1","max-image-preview":"max-image-preview:large","max-video-preview":"max-video-preview:-1"},"canonical":"https:\/\/yannmarchesi.ch\/?page_id=4","og_locale":"fr_FR","og_type":"article","og_title":"Prestations -","og_description":"Mon intention de photographe est de toujours restituer au plus pr\u00e8s vos envies du moment et vos \u00e9motions, mais aussi de valoriser les diff\u00e9rentes facettes de votre personnalit\u00e9.Mon travail est ax\u00e9 sur le reportage avec une prise de vue qui privil\u00e9gie la spontan\u00e9it\u00e9 et la photo sur le vif. Prix \u00e0 la demande","og_url":"https:\/\/yannmarchesi.ch\/?page_id=4","article_publisher":"https:\/\/www.facebook.com\/yannmarchesiPhotography","article_modified_time":"2022-08-09T14:46:09+00:00","og_image":[{"url":"https:\/\/yannmarchesi.ch\/wp-content\/uploads\/2019\/05\/yannmarchesi75-copie-300x200.jpg","type":"","width":"","height":""}],"twitter_card":"summary_large_image","schema":{"@context":"https:\/\/schema.org","@graph":[{"@type":"WebPage","@id":"https:\/\/yannmarchesi.ch\/?page_id=4","url":"https:\/\/yannmarchesi.ch\/?page_id=4","name":"Prestations -","isPartOf":{"@id":"https:\/\/yannmarchesi.ch\/#website"},"primaryImageOfPage":{"@id":"https:\/\/yannmarchesi.ch\/?page_id=4#primaryimage"},"image":{"@id":"https:\/\/yannmarchesi.ch\/?page_id=4#primaryimage"},"thumbnailUrl":"https:\/\/yannmarchesi.ch\/wp-content\/uploads\/2019\/05\/yannmarchesi75-copie-300x200.jpg","datePublished":"2013-10-27T10:55:03+00:00","dateModified":"2022-08-09T14:46:09+00:00","breadcrumb":{"@id":"https:\/\/yannmarchesi.ch\/?page_id=4#breadcrumb"},"inLanguage":"fr-FR","potentialAction":[{"@type":"ReadAction","target":["https:\/\/yannmarchesi.ch\/?page_id=4"]}]},{"@type":"ImageObject","inLanguage":"fr-FR","@id":"https:\/\/yannmarchesi.ch\/?page_id=4#primaryimage","url":"https:\/\/yannmarchesi.ch\/wp-content\/uploads\/2019\/05\/yannmarchesi75-copie.jpg","contentUrl":"https:\/\/yannmarchesi.ch\/wp-content\/uploads\/2019\/05\/yannmarchesi75-copie.jpg","width":1000,"height":667},{"@type":"BreadcrumbList","@id":"https:\/\/yannmarchesi.ch\/?page_id=4#breadcrumb","itemListElement":[{"@type":"ListItem","position":1,"name":"Accueil","item":"https:\/\/yannmarchesi.ch\/"},{"@type":"ListItem","position":2,"name":"Prestations"}]},{"@type":"WebSite","@id":"https:\/\/yannmarchesi.ch\/#website","url":"https:\/\/yannmarchesi.ch\/","name":"yannmarchesi.ch","description":"","publisher":{"@id":"https:\/\/yannmarchesi.ch\/#organization"},"potentialAction":[{"@type":"SearchAction","target":{"@type":"EntryPoint","urlTemplate":"https:\/\/yannmarchesi.ch\/?s={search_term_string}"},"query-input":{"@type":"PropertyValueSpecification","valueRequired":true,"valueName":"search_term_string"}}],"inLanguage":"fr-FR"},{"@type":"Organization","@id":"https:\/\/yannmarchesi.ch\/#organization","name":"yannmarchesi.ch","url":"https:\/\/yannmarchesi.ch\/","logo":{"@type":"ImageObject","inLanguage":"fr-FR","@id":"https:\/\/yannmarchesi.ch\/#\/schema\/logo\/image\/","url":"https:\/\/yannmarchesi.ch\/wp-content\/uploads\/2020\/10\/cropped-teste-site-2-1.png","contentUrl":"https:\/\/yannmarchesi.ch\/wp-content\/uploads\/2020\/10\/cropped-teste-site-2-1.png","width":1173,"height":705,"caption":"yannmarchesi.ch"},"image":{"@id":"https:\/\/yannmarchesi.ch\/#\/schema\/logo\/image\/"},"sameAs":["https:\/\/www.facebook.com\/yannmarchesiPhotography"]}]}},"jetpack_sharing_enabled":true,"_links":{"self":[{"href":"https:\/\/yannmarchesi.ch\/index.php?rest_route=\/wp\/v2\/pages\/4","targetHints":{"allow":["GET"]}}],"collection":[{"href":"https:\/\/yannmarchesi.ch\/index.php?rest_route=\/wp\/v2\/pages"}],"about":[{"href":"https:\/\/yannmarchesi.ch\/index.php?rest_route=\/wp\/v2\/types\/page"}],"author":[{"embeddable":true,"href":"https:\/\/yannmarchesi.ch\/index.php?rest_route=\/wp\/v2\/users\/1"}],"replies":[{"embeddable":true,"href":"https:\/\/yannmarchesi.ch\/index.php?rest_route=%2Fwp%2Fv2%2Fcomments&post=4"}],"version-history":[{"count":84,"href":"https:\/\/yannmarchesi.ch\/index.php?rest_route=\/wp\/v2\/pages\/4\/revisions"}],"predecessor-version":[{"id":13037,"href":"https:\/\/yannmarchesi.ch\/index.php?rest_route=\/wp\/v2\/pages\/4\/revisions\/13037"}],"wp:attachment":[{"href":"https:\/\/yannmarchesi.ch\/index.php?rest_route=%2Fwp%2Fv2%2Fmedia&parent=4"}],"curies":[{"name":"wp","href":"https:\/\/api.w.org\/{rel}","templated":true}]}}

<p style="text-align: center;"><img loading="lazy" decoding="async" class="wp-image-7724 aligncenter" src="https://yannmarchesi.ch/wp-content/uploads/2019/05/yannmarchesi75-copie-300x200.jpg" alt="" width="679" height="453" srcset="https://yannmarchesi.ch/wp-content/uploads/2019/05/yannmarchesi75-copie-300x200.jpg 300w, https://yannmarchesi.ch/wp-content/uploads/2019/05/yannmarchesi75-copie-980x654.jpg 980w, https://yannmarchesi.ch/wp-content/uploads/2019/05/yannmarchesi75-copie-768x512.jpg 768w, https://yannmarchesi.ch/wp-content/uploads/2019/05/yannmarchesi75-copie-900x600.jpg 900w, https://yannmarchesi.ch/wp-content/uploads/2019/05/yannmarchesi75-copie-420x280.jpg 420w, https://yannmarchesi.ch/wp-content/uploads/2019/05/yannmarchesi75-copie.jpg 1000w" sizes="auto, (max-width: 679px) 100vw, 679px" /><span style="font-size: inherit;">Mon intention de photographe est de toujours restituer au plus près vos envies du moment et vos émotions, mais aussi de valoriser les différentes facettes de votre personnalité.Mon travail est axé sur le reportage avec une prise de vue qui privilégie la spontanéité et la photo sur le vif.</span></p>
<h2></h2>
<h6 style="text-align: center;"><em style="font-size: revert; font-family: -apple-system, BlinkMacSystemFont, 'Segoe UI', Roboto, Oxygen-Sans, Ubuntu, Cantarell, 'Helvetica Neue', sans-serif;"><a href="http://yannmarchesi.ch/?page_id=43">Prix à la demande</a></em></h6>

<p>Mon intention de photographe est de toujours restituer au plus près vos envies du moment et vos émotions, mais aussi de valoriser les différentes facettes de votre personnalité.Mon travail est axé sur le reportage avec une prise de vue qui privilégie la spontanéité et la photo sur le vif. Prix à la demande</p>

<!-- This site is optimized with the Yoast SEO plugin v28.4 - https://yoast.com/product/yoast-seo-wordpress/ -->
<title>Prestations -</title>
<meta name="robots" content="index, follow, max-snippet:-1, max-image-preview:large, max-video-preview:-1" />
<link rel="canonical" href="https://yannmarchesi.ch/?page_id=4" />
<meta property="og:locale" content="fr_FR" />
<meta property="og:type" content="article" />
<meta property="og:title" content="Prestations -" />
<meta property="og:description" content="Mon intention de photographe est de toujours restituer au plus près vos envies du moment et vos émotions, mais aussi de valoriser les différentes facettes de votre personnalité.Mon travail est axé sur le reportage avec une prise de vue qui privilégie la spontanéité et la photo sur le vif. Prix à la demande" />
<meta property="og:url" content="https://yannmarchesi.ch/?page_id=4" />
<meta property="article:publisher" content="https://www.facebook.com/yannmarchesiPhotography" />
<meta property="article:modified_time" content="2022-08-09T14:46:09+00:00" />
<meta property="og:image" content="https://yannmarchesi.ch/wp-content/uploads/2019/05/yannmarchesi75-copie-300x200.jpg" />
<meta name="twitter:card" content="summary_large_image" />
<script type="application/ld+json" class="yoast-schema-graph">{"@context":"https:\/\/schema.org","@graph":[{"@type":"WebPage","@id":"https:\/\/yannmarchesi.ch\/?page_id=4","url":"https:\/\/yannmarchesi.ch\/?page_id=4","name":"Prestations -","isPartOf":{"@id":"https:\/\/yannmarchesi.ch\/#website"},"primaryImageOfPage":{"@id":"https:\/\/yannmarchesi.ch\/?page_id=4#primaryimage"},"image":{"@id":"https:\/\/yannmarchesi.ch\/?page_id=4#primaryimage"},"thumbnailUrl":"https:\/\/yannmarchesi.ch\/wp-content\/uploads\/2019\/05\/yannmarchesi75-copie-300x200.jpg","datePublished":"2013-10-27T10:55:03+00:00","dateModified":"2022-08-09T14:46:09+00:00","breadcrumb":{"@id":"https:\/\/yannmarchesi.ch\/?page_id=4#breadcrumb"},"inLanguage":"fr-FR","potentialAction":[{"@type":"ReadAction","target":["https:\/\/yannmarchesi.ch\/?page_id=4"]}]},{"@type":"ImageObject","inLanguage":"fr-FR","@id":"https:\/\/yannmarchesi.ch\/?page_id=4#primaryimage","url":"https:\/\/yannmarchesi.ch\/wp-content\/uploads\/2019\/05\/yannmarchesi75-copie.jpg","contentUrl":"https:\/\/yannmarchesi.ch\/wp-content\/uploads\/2019\/05\/yannmarchesi75-copie.jpg","width":1000,"height":667},{"@type":"BreadcrumbList","@id":"https:\/\/yannmarchesi.ch\/?page_id=4#breadcrumb","itemListElement":[{"@type":"ListItem","position":1,"name":"Accueil","item":"https:\/\/yannmarchesi.ch\/"},{"@type":"ListItem","position":2,"name":"Prestations"}]},{"@type":"WebSite","@id":"https:\/\/yannmarchesi.ch\/#website","url":"https:\/\/yannmarchesi.ch\/","name":"yannmarchesi.ch","description":"","publisher":{"@id":"https:\/\/yannmarchesi.ch\/#organization"},"potentialAction":[{"@type":"SearchAction","target":{"@type":"EntryPoint","urlTemplate":"https:\/\/yannmarchesi.ch\/?s={search_term_string}"},"query-input":{"@type":"PropertyValueSpecification","valueRequired":true,"valueName":"search_term_string"}}],"inLanguage":"fr-FR"},{"@type":"Organization","@id":"https:\/\/yannmarchesi.ch\/#organization","name":"yannmarchesi.ch","url":"https:\/\/yannmarchesi.ch\/","logo":{"@type":"ImageObject","inLanguage":"fr-FR","@id":"https:\/\/yannmarchesi.ch\/#\/schema\/logo\/image\/","url":"https:\/\/yannmarchesi.ch\/wp-content\/uploads\/2020\/10\/cropped-teste-site-2-1.png","contentUrl":"https:\/\/yannmarchesi.ch\/wp-content\/uploads\/2020\/10\/cropped-teste-site-2-1.png","width":1173,"height":705,"caption":"yannmarchesi.ch"},"image":{"@id":"https:\/\/yannmarchesi.ch\/#\/schema\/logo\/image\/"},"sameAs":["https:\/\/www.facebook.com\/yannmarchesiPhotography"]}]}</script>
<!-- / Yoast SEO plugin. -->

Mon intention de photographe est de toujours restituer au plus près vos envies du moment et vos émotions, mais aussi de valoriser les différentes facettes de votre personnalité.Mon travail est axé sur le reportage avec une prise de vue qui privilégie la spontanéité et la photo sur le vif. Prix à la demande
